[INFO] cloning repository https://github.com/jesionaj/TicTacToeMCTS
[INFO] running `Command { std: "git" "-c" "credential.helper=" "-c" "credential.helper=/workspace/cargo-home/bin/git-credential-null" "clone" "--bare" "https://github.com/jesionaj/TicTacToeMCTS" "/workspace/cache/git-repos/https%3A%2F%2Fgithub.com%2Fjesionaj%2FTicTacToeMCTS", kill_on_drop: false }`
[INFO] [stderr] Cloning into bare repository '/workspace/cache/git-repos/https%3A%2F%2Fgithub.com%2Fjesionaj%2FTicTacToeMCTS'...
[INFO] running `Command { std: "git" "rev-parse" "HEAD", kill_on_drop: false }`
[INFO] [stdout] 9110fdb8784b7741247d19df0a11e68a0c377905
[INFO] checking jesionaj/TicTacToeMCTS against master#af3c6e733a40e671550e0f0f5aeecaa13772ba56 for pr-74989
[INFO] running `Command { std: "git" "clone" "/workspace/cache/git-repos/https%3A%2F%2Fgithub.com%2Fjesionaj%2FTicTacToeMCTS" "/workspace/builds/worker-1/source", kill_on_drop: false }`
[INFO] [stderr] Cloning into '/workspace/builds/worker-1/source'...
[INFO] [stderr] done.
[INFO] validating manifest of git repo https://github.com/jesionaj/TicTacToeMCTS on toolchain af3c6e733a40e671550e0f0f5aeecaa13772ba56
[INFO] running `Command { std: "/workspace/cargo-home/bin/cargo" "+af3c6e733a40e671550e0f0f5aeecaa13772ba56" "read-manifest" "--manifest-path" "Cargo.toml", kill_on_drop: false }`
[INFO] started tweaking git repo https://github.com/jesionaj/TicTacToeMCTS
[INFO] finished tweaking git repo https://github.com/jesionaj/TicTacToeMCTS
[INFO] tweaked toml for git repo https://github.com/jesionaj/TicTacToeMCTS written to /workspace/builds/worker-1/source/Cargo.toml
[INFO] crate git repo https://github.com/jesionaj/TicTacToeMCTS already has a lockfile, it will not be regenerated
[INFO] running `Command { std: "/workspace/cargo-home/bin/cargo" "+af3c6e733a40e671550e0f0f5aeecaa13772ba56" "fetch" "--locked" "--manifest-path" "Cargo.toml", kill_on_drop: false }`
[INFO] [stderr]     Blocking waiting for file lock on package cache
[INFO] [stderr] error: the lock file /workspace/builds/worker-1/source/Cargo.lock needs to be updated but --locked was passed to prevent this
[INFO] [stderr] If you want to try to generate the lock file without accessing the network, use the --offline flag.
[INFO] the lockfile is outdated, regenerating it
[INFO] running `Command { std: "/workspace/cargo-home/bin/cargo" "+af3c6e733a40e671550e0f0f5aeecaa13772ba56" "generate-lockfile" "--manifest-path" "Cargo.toml" "-Zno-index-update", kill_on_drop: false }`
[INFO] running `Command { std: "/workspace/cargo-home/bin/cargo" "+af3c6e733a40e671550e0f0f5aeecaa13772ba56" "fetch" "--locked" "--manifest-path" "Cargo.toml", kill_on_drop: false }`
[INFO] running `Command { std: "docker" "create" "-v" "/var/lib/crater-agent-workspace/builds/worker-1/target:/opt/rustwide/target:rw,Z" "-v" "/var/lib/crater-agent-workspace/builds/worker-1/source:/opt/rustwide/workdir:ro,Z" "-v" "/var/lib/crater-agent-workspace/cargo-home:/opt/rustwide/cargo-home:ro,Z" "-v" "/var/lib/crater-agent-workspace/rustup-home:/opt/rustwide/rustup-home:ro,Z" "-e" "SOURCE_DIR=/opt/rustwide/workdir" "-e" "CARGO_TARGET_DIR=/opt/rustwide/target" "-e" "CARGO_HOME=/opt/rustwide/cargo-home" "-e" "RUSTUP_HOME=/opt/rustwide/rustup-home" "-w" "/opt/rustwide/workdir" "-m" "1610612736" "--user" "0:0" "--network" "none" "rustops/crates-build-env@sha256:d92eaeed33fa75130ca1ee6c8a01d1ffb62bac859dfdfb3450e3e5d1c0146529" "/opt/rustwide/cargo-home/bin/cargo" "+af3c6e733a40e671550e0f0f5aeecaa13772ba56" "metadata" "--no-deps" "--format-version=1", kill_on_drop: false }`
[INFO] [stderr] WARNING: Your kernel does not support swap limit capabilities or the cgroup is not mounted. Memory limited without swap.
[INFO] [stdout] 4af69ff09eec32fced0a5814801f157e788988abaea9a74c1e1b590d9851354a
[INFO] running `Command { std: "docker" "start" "-a" "4af69ff09eec32fced0a5814801f157e788988abaea9a74c1e1b590d9851354a", kill_on_drop: false }`
[INFO] running `Command { std: "docker" "inspect" "4af69ff09eec32fced0a5814801f157e788988abaea9a74c1e1b590d9851354a", kill_on_drop: false }`
[INFO] running `Command { std: "docker" "rm" "-f" "4af69ff09eec32fced0a5814801f157e788988abaea9a74c1e1b590d9851354a", kill_on_drop: false }`
[INFO] [stdout] 4af69ff09eec32fced0a5814801f157e788988abaea9a74c1e1b590d9851354a
[INFO] running `Command { std: "docker" "create" "-v" "/var/lib/crater-agent-workspace/builds/worker-1/target:/opt/rustwide/target:rw,Z" "-v" "/var/lib/crater-agent-workspace/builds/worker-1/source:/opt/rustwide/workdir:ro,Z" "-v" "/var/lib/crater-agent-workspace/cargo-home:/opt/rustwide/cargo-home:ro,Z" "-v" "/var/lib/crater-agent-workspace/rustup-home:/opt/rustwide/rustup-home:ro,Z" "-e" "SOURCE_DIR=/opt/rustwide/workdir" "-e" "CARGO_TARGET_DIR=/opt/rustwide/target" "-e" "CARGO_INCREMENTAL=0" "-e" "RUST_BACKTRACE=full" "-e" "RUSTFLAGS=--cap-lints=forbid" "-e" "CARGO_HOME=/opt/rustwide/cargo-home" "-e" "RUSTUP_HOME=/opt/rustwide/rustup-home" "-w" "/opt/rustwide/workdir" "-m" "1610612736" "--user" "0:0" "--network" "none" "rustops/crates-build-env@sha256:d92eaeed33fa75130ca1ee6c8a01d1ffb62bac859dfdfb3450e3e5d1c0146529" "/opt/rustwide/cargo-home/bin/cargo" "+af3c6e733a40e671550e0f0f5aeecaa13772ba56" "check" "--frozen" "--all" "--all-targets" "--message-format=json", kill_on_drop: false }`
[INFO] [stderr] WARNING: Your kernel does not support swap limit capabilities or the cgroup is not mounted. Memory limited without swap.
[INFO] [stdout] dee2f49a194f5432e4ad5a78d6ee6c31c09d3bad6c47881f1205c68f25a56cd8
[INFO] running `Command { std: "docker" "start" "-a" "dee2f49a194f5432e4ad5a78d6ee6c31c09d3bad6c47881f1205c68f25a56cd8", kill_on_drop: false }`
[INFO] [stderr]    Compiling libc v0.2.77
[INFO] [stderr]     Checking rand v0.4.6
[INFO] [stderr]     Checking rand v0.3.23
[INFO] [stderr]     Checking mcts v0.1.0 (/opt/rustwide/workdir)
[INFO] [stdout] error[E0308]: mismatched types
[INFO] [stdout]    --> src/board.rs:186:29
[INFO] [stdout]     |
[INFO] [stdout] 186 |         board.state[0][0] = 1;
[INFO] [stdout]     |                             ^ expected enum `Player`, found integer
[INFO] [stdout] 
[INFO] [stdout] 
[INFO] [stdout] error[E0308]: mismatched types
[INFO] [stdout]    --> src/board.rs:187:29
[INFO] [stdout]     |
[INFO] [stdout] 187 |         board.state[0][1] = 1;
[INFO] [stdout]     |                             ^ expected enum `Player`, found integer
[INFO] [stdout] 
[INFO] [stdout] 
[INFO] [stdout] error[E0308]: mismatched types
[INFO] [stdout]    --> src/board.rs:188:29
[INFO] [stdout]     |
[INFO] [stdout] 188 |         board.state[0][2] = 1;
[INFO] [stdout]     |                             ^ expected enum `Player`, found integer
[INFO] [stdout] 
[INFO] [stdout] 
[INFO] [stdout] error[E0308]: mismatched types
[INFO] [stdout]    --> src/board.rs:197:29
[INFO] [stdout]     |
[INFO] [stdout] 197 |         board.state[0][0] = 1;
[INFO] [stdout]     |                             ^ expected enum `Player`, found integer
[INFO] [stdout] 
[INFO] [stdout] 
[INFO] [stdout] error[E0308]: mismatched types
[INFO] [stdout]    --> src/board.rs:198:29
[INFO] [stdout]     |
[INFO] [stdout] 198 |         board.state[0][1] = 2;
[INFO] [stdout]     |                             ^ expected enum `Player`, found integer
[INFO] [stdout] 
[INFO] [stdout] 
[INFO] [stdout] error[E0308]: mismatched types
[INFO] [stdout]    --> src/board.rs:199:29
[INFO] [stdout]     |
[INFO] [stdout] 199 |         board.state[0][2] = 1;
[INFO] [stdout]     |                             ^ expected enum `Player`, found integer
[INFO] [stdout] 
[INFO] [stdout] 
[INFO] [stdout] error[E0308]: mismatched types
[INFO] [stdout]    --> src/board.rs:208:29
[INFO] [stdout]     |
[INFO] [stdout] 208 |         board.state[0][0] = 1;
[INFO] [stdout]     |                             ^ expected enum `Player`, found integer
[INFO] [stdout] 
[INFO] [stdout] 
[INFO] [stdout] error[E0308]: mismatched types
[INFO] [stdout]    --> src/board.rs:209:29
[INFO] [stdout]     |
[INFO] [stdout] 209 |         board.state[1][0] = 1;
[INFO] [stdout]     |                             ^ expected enum `Player`, found integer
[INFO] [stdout] 
[INFO] [stdout] 
[INFO] [stdout] error[E0308]: mismatched types
[INFO] [stdout]    --> src/board.rs:210:29
[INFO] [stdout]     |
[INFO] [stdout] 210 |         board.state[2][0] = 1;
[INFO] [stdout]     |                             ^ expected enum `Player`, found integer
[INFO] [stdout] 
[INFO] [stdout] 
[INFO] [stdout] error[E0308]: mismatched types
[INFO] [stdout]    --> src/board.rs:219:29
[INFO] [stdout]     |
[INFO] [stdout] 219 |         board.state[0][0] = 1;
[INFO] [stdout]     |                             ^ expected enum `Player`, found integer
[INFO] [stdout] 
[INFO] [stdout] 
[INFO] [stdout] error[E0308]: mismatched types
[INFO] [stdout]    --> src/board.rs:220:29
[INFO] [stdout]     |
[INFO] [stdout] 220 |         board.state[1][1] = 1;
[INFO] [stdout]     |                             ^ expected enum `Player`, found integer
[INFO] [stdout] 
[INFO] [stdout] 
[INFO] [stdout] error[E0308]: mismatched types
[INFO] [stdout]    --> src/board.rs:221:29
[INFO] [stdout]     |
[INFO] [stdout] 221 |         board.state[2][2] = 1;
[INFO] [stdout]     |                             ^ expected enum `Player`, found integer
[INFO] [stdout] 
[INFO] [stdout] 
[INFO] [stdout] error[E0308]: mismatched types
[INFO] [stdout]    --> src/board.rs:237:29
[INFO] [stdout]     |
[INFO] [stdout] 237 |         board.state[0][2] = 1;
[INFO] [stdout]     |                             ^ expected enum `Player`, found integer
[INFO] [stdout] 
[INFO] [stdout] 
[INFO] [stdout] error[E0308]: mismatched types
[INFO] [stdout]    --> src/board.rs:238:29
[INFO] [stdout]     |
[INFO] [stdout] 238 |         board.state[1][1] = 1;
[INFO] [stdout]     |                             ^ expected enum `Player`, found integer
[INFO] [stdout] 
[INFO] [stdout] 
[INFO] [stdout] error[E0308]: mismatched types
[INFO] [stdout]    --> src/board.rs:239:29
[INFO] [stdout]     |
[INFO] [stdout] 239 |         board.state[2][0] = 1;
[INFO] [stdout]     |                             ^ expected enum `Player`, found integer
[INFO] [stdout] 
[INFO] [stdout] 
[INFO] [stdout] error: aborting due to 15 previous errors
[INFO] [stdout] 
[INFO] [stdout] 
[INFO] [stdout] For more information about this error, try `rustc --explain E0308`.
[INFO] [stdout] 
[INFO] [stderr] error: could not compile `mcts`.
[INFO] [stderr] 
[INFO] [stderr] To learn more, run the command again with --verbose.
[INFO] running `Command { std: "docker" "inspect" "dee2f49a194f5432e4ad5a78d6ee6c31c09d3bad6c47881f1205c68f25a56cd8", kill_on_drop: false }`
[INFO] running `Command { std: "docker" "rm" "-f" "dee2f49a194f5432e4ad5a78d6ee6c31c09d3bad6c47881f1205c68f25a56cd8", kill_on_drop: false }`
[INFO] [stdout] dee2f49a194f5432e4ad5a78d6ee6c31c09d3bad6c47881f1205c68f25a56cd8
